65 = -0*w. Suppose -5843*v = -5878*v. Suppose 66*l - 67*l + w = v. Calculate the remainder when 37 is divided by l.
17
Let y(t) = -t**3 - 14*t**2 + 32*t - 33. Let q be y(-16). What is the remainder when 670 is divided by 97/3 + 44/q + 1?
30
Let o(p) = 8*p**2 + 2*p - 1. Suppose 37 = 5*v - 118. Calculate the remainder when o(5) is divided by v.
23
Suppose -2*k = -5*g + 181, 2*g = -2*k - 0*g - 160. Let y = k - -106. Calculate the remainder when 206 is divided by y.
22
Suppose t - u = 127 + 192, u = 5. What is the remainder when t is divided by 42?
30
Suppose 2*l = 142 + 30. Let s = 387 + -383. Let o(h) = 20*h - 62. Calculate the remainder when l is divided by o(s).
14
Suppose 3*u + 2*g = 64, -11*u + 9*u + 60 = -3*g. Calculate the remainder when 245 is divided by u.
5
Suppose 2*w - 3 = -1. Suppose -2*c + 31 = -w. Let r(q) = 2*q**2 - 10*q + 13. Calculate the remainder when r(8) is divided by c.
13
Let i(l) = -59*l - 259. Let u be i(-17). Suppose u = 24*c - 0*c. Calculate the remainder when 142 is divided by c.
18
Let t(z) = 2*z**2 - 24*z + 13. Let v be t(10). Let y = 53 + v. Calculate the remainder when 126 is divided by y.
22
Suppose 46*w - 10310 = 6780 + 2506. Calculate the remainder when 1278 is divided by w.
0
Calculate the remainder when 19337 is divided by -10 - (-36 + 24 + -27).
23
Suppose 0 = 21*k - 33*k - 108. Calculate the remainder when 73/(-3 - (5 + k)) is divided by 54.
19
Let a(g) = -144*g + 309. Calculate the remainder when 644 is divided by a(2).
14
Let u(q) = q**2 + q - 9. What is the remainder when 973*(-5)/(-30) + (-4)/24 is divided by u(-5)?
8
Suppose 3*y - 6 + 0 = 3*d, d - 18 = -4*y. Let s(h) = 757*h - 4470. Let t be s(6). Calculate the remainder when 10 is divided by (2/6)/(y/t).
4
Let h(z) = -z**2 + 154*z + 1475. Calculate the remainder when 232 is divided by h(-9).
0
Let r = -8256 + 8384. Suppose -58 = -4*d - o - o, 3*o = -5*d + 70. Calculate the remainder when r is divided by d.
9
Let z = 12 - 1. Let u(d) = d - 8. Let q(o) = o**3 + 8*o**2 + 4*o - 8. Let x be q(-7). What is the remainder when z is divided by u(x)?
1
Let c = 119 - 76. Let a = -24 + c. Suppose -23 + 347 = 6*q. Calculate the remainder when q is divided by a.
16
What is the remainder when 1/((-15)/(-9)) - (-482)/5 is divided by 40/10*(-9)/(-4)?
7
Let g(o) = 32*o - 872. What is the remainder when 544 is divided by g(28)?
16
Suppose -110 = -2*p - 4*q, p = -0*p - q + 59. Suppose -5*s = -s - 3*c - 41, 20 = 4*c. Calculate the remainder when p is divided by s.
7
Suppose 86 + 10 = 2*h - 86. Calculate the remainder when 522 is divided by h.
67
Let o(b) = -50*b - 52. Let k be o(-8). Suppose 18*u + 498 = -k. Let s = 119 + u. What is the remainder when s is divided by 19?
15
Suppose 3*f = -12, 2*l = 5*l + 7*f - 521. Calculate the remainder when 914 is divided by l.
182
Suppose 9*l - 2196 = -27*l. Suppose 0 = 5*k - 74 - l. What is the remainder when 96 is divided by k?
15
Let w = -7326 - -7351. What is the remainder when 65 is divided by w?
15
Let n be (-1)/(-3) + (-2)/6. Suppose 5*i - 205 = -n*j + j, -205 = -5*i - j. Calculate the remainder when 245 is divided by i.
40
Let d = 834 - 558. Let c(t) = 6*t**3 + 3*t**2 - 2*t + 2. What is the remainder when d is divided by c(1)?
6
Suppose -168 + 62 = -l + 4*v, 0 = 5*l - 8*v - 626. What is the remainder when 1032 is divided by l?
66
Suppose 6*m - 8*m = -4. Suppose 3*t - 929 = 5*f, -m*f = -44*t + 47*t - 922. Calculate the remainder when t is divided by 31.
29
Let u(y) = -y**2 - 5*y + 2589. Calculate the remainder when 1167 is divided by u(-53).
42
Suppose -505*m + 69*m = -73*m - 1092 - 3627. Suppose -1 = -p - 0*k - 3*k, 0 = -p - 4*k - 1. What is the remainder when m is divided by p?
6
Suppose 4784 - 1673 + 1938 = 297*h. Calculate the remainder when h is divided by 9.
8
Calculate the remainder when (-14118)/396*-18 - 15/(-55) is divided by -2*(-10)/4*3.
12
Let k(i) = i**3 + 4*i**2 + 4*i + 6. Let m be k(-3). Let x be (-83)/((1/5)/(4/(-10))). Suppose -x = m*f - 5*f. Calculate the remainder when f is divided by 43.
40
Suppose 3*x = 1478 - 1451, 0 = 5*m - 2*x - 12297. What is the remainder when m is divided by 29?
27
Let u = -17 + 34. Suppose -14*i + 4*i + 2200 = 0. What is the remainder when i is divided by u?
16
Let h = -78 + 93. Let z be (-4)/3*8/((-64)/36). Suppose -5*j = -z*j + 25. What is the remainder when j is divided by h?
10
Let a = -7 - -9. Suppose -3*d + 3 = 5*g - 5, -5*g + 3 = -a*d. Let f(m) = 3*m + 1. What is the remainder when 5 is divided by f(g)?
1
Let l(f) = 34*f + 235. Let g(x) = 12*x + 78. Let t(q) = 8*g(q) - 3*l(q). Let m = 8 - -2. What is the remainder when t(-18) is divided by m?
7
Let t = 25 - 38. Let c = -13 - t. Suppose 8*i - 284 - 236 = c. Calculate the remainder when i is divided by 17.
14
Let h = 579 + -324. Calculate the remainder when h is divided by 80.
15
Let x(r) = 70*r + 2462. What is the remainder when 713 is divided by x(-32)?
47
Suppose -48 = -2*i - 16. Suppose -i*j + 14*j = 6. What is the remainder when 59 is divided by (-46)/j + (-10)/30?
14
Suppose 3*h - 67 = i, 4*h - 47 = i + 42. Calculate the remainder when 121 is divided by h.
11
Suppose -2*i = -7*i. Suppose i = -3*z + 4*z - 13. Suppose -5*q = 3*s - 239, 4*q + 11*s = 7*s + 196. What is the remainder when q is divided by z?
7
Let u = -2493 - -2680. What is the remainder when 201 is divided by u?
14
Let g = 52 - 14. Let q = 14 + 473. Let s = 501 - q. What is the remainder when g is divided by s?
10
Suppose 2*n + 1 - 17 = 0. Let y(o) = -43*o + 46*o + 58 + o**2 - 85. What is the remainder when y(n) is divided by 16?
13
Let c = -639 + 173. Let j = c + 209. Let z = j - -398. Calculate the remainder when z is divided by 29.
25
Let s(q) = q**3 + 22*q**2 - 29*q - 55. Let i be s(-23). Suppose -90*a + i*a = -189. Calculate the remainder when 51 is divided by a.
24
Let x(h) = 99*h**3 + 4*h**2 + 54*h - 56. Calculate the remainder when 239 is divided by x(1).
37
Let t = 13144 - 10789. What is the remainder when t is divided by 40?
35
Suppose 6*v - 34867 + 6673 = 0. Calculate the remainder when v is divided by 224.
219
Suppose -50*i + 7 = -49*i - 1. What is the remainder when 134 is divided by i?
6
Let c(x) = -70*x + 2. Let l be c(5). Let v(b) = b**3 + 8*b**2 - b + 4. Calculate the remainder when v(-5) is divided by (-1 - (-1)/3)/(8/l).
26
Let c(u) = 29*u**2 + 3*u - 15. What is the remainder when 208 is divided by c(2)?
101
Let b = 19700 - 19646. What is the remainder when b is divided by 36?
18
Let k(c) = -4*c**3 + 2*c**2 + 8*c - 8. Let d be k(4). Calculate the remainder when 14/(-175) + (-18016)/d is divided by 39.
12
Suppose 4*c + 83 = 5*j, 0 = -4*j - 4*c + 2*c + 56. Let m be (0 + -31)*(-10 + j). What is the remainder when 95 is divided by (3 + m/25)*-10?
31
Let d(y) = 8*y - 108. Let x(j) = 7*j - 106. Let u(p) = 2*d(p) - 3*x(p). What is the remainder when u(19) is divided by 4?
3
What is the remainder when 6927 is divided by -5 + 196 + (3 - -4)?
195
Suppose 1453*d - 649 = 1394*d. What is the remainder when 62 is divided by d?
7
Suppose 3*a = 4*z - 109, -4*z - 67*a + 139 = -64*a. Suppose -2*y + 10 = -2*k, 4*y - 5*k = 15 + 7. Calculate the remainder when (-1 + 4)*122/y is divided by z.
29
Let r(v) = 12*v - 296. Let t(i) = 2*i - 59. Let k(a) = -5*r(a) + 24*t(a). Calculate the remainder when 11 is divided by k(5).
3
Let v(a) = a**3 + 15*a**2 + 19*a + 73. Let k be v(-14). Suppose k*z = -6*z + 387. What is the remainder when z is divided by 6?
1
Let w(o) = o**3 + 7*o**2 - 11*o - 13. Let h be w(-9). Let t = -19 - h. Let g = -36 + t. What is the remainder when 124 is divided by g?
19
Let d = 7 + -3. Let r = 3 + d. What is the remainder when (-18 - 1323/(-98))*(0 - 5 - -1) is divided by r?
4
Suppose 962 = 17*w - 670. Suppose -2*x - 24 = -w. Suppose -518 = -5*r - 3*g, -2*r + 5*g + 61 = -171. Calculate the remainder when r is divided by x.
34
Let o = 121 - 110. Calculate the remainder when (1 - -50)*370/222 is divided by o.
8
Suppose 67*r - 24*r - 39160 = -135*r. What is the remainder when r is divided by 17?
16
Let a(y) = -y**3 - y**2 + 2*y. Let w be a(0). What is the remainder when -1 + (2 - w) - -43 is divided by 5?
4
Let j = 506 - 953. Let p = j + 530. What is the remainder when p is divided by 7?
6
Suppose 0 = -10*y + 278 - 78 + 40. Calculate the remainde